base 2) to base 14.
4500
Convert 28655 (base 9) to base 6.
230122
-11100111111011001111 (base 2) to base 6
-32205555
21dda3 (base 14) to base 12
476ab7
What is -8b130 (base 12) in base 4?
-231023310
Convert 86a376 (base 12) to base 9.
4010670
What is -4611410 (base 7) in base 3?
-1002011220112
What is -11151512 (base 6) in base 13?
-bc432
9147 (base 10) to base 5
243042
What is -51907 (base 12) in base 16?
-1a0d7
What is 1ad591 (base 16) in base 13?
4975c8
-100010010002011 (base 3) to base 5
-2220004023
-4ee9f (base 16) to base 4
-1032322133
What is 566a74 (base 12) in base 2?
101010001000001111000
4a308a (base 11) to base 14
169889
What is 30735501 (base 8) in base 5?
3133123001
424362 (base 7) to base 13
27660
What is -62962 (base 13) in base 7?
-1336042
What is -50418 (base 9) in base 15?
-9c4b
Convert 157378 (base 11) to base 3.
110101201211
What is 10100011011001111000 (base 2) in base 3?
1021000010001
Convert -1146ee (base 15) to base 12.
-339582
-167332 (base 8) to base 4
-32323122
What is c2b12 (base 14) in base 4?
1302122230
-4162247 (base 8) to base 3
-2002020200010
Convert 1100100001000110101101 (base 2) to base 16.
3211ad
Convert -4ab785 (base 12) to base 3.
-2022010101002
What is 1916b (base 13) in base 4?
23313100
Convert 537b6 (base 15) to base 12.
109430
Convert -137499 (base 10) to base 6.
-2540323
What is 37987 (base 12) in base 7?
433465
Convert 111000010001111001 (base 2) to base 5.
24334041
What is 1b0c55 (base 13) in base 11?
42a637
1012201410 (base 5) to base 6
112202340
What is 4460656 (base 9) in base 5?
1103324423
-10e5c6 (base 16) to base 11
-697006
What is 5559a5 (base 11) in base 5?
211330234
427233 (base 12) to base 9
1868233
151201503 (base 6) to base 4
23333010033
Convert 107072 (base 8) to base 15.
abc5
Convert -42e772 (base 16) to base 12.
-1575496
Convert 107e6c (base 15) to base 10.
786252
-502601 (base 8) to base 7
-1255530
What is 1567698 (base 10) in base 11?
980920
Convert 197235 (base 10) to base 3.
101000120000
-3e1ce (base 15) to base 11
-126a14
Convert 683a47 (base 14) to base 9.
6602153
-141410 (base 7) to base 15
-7ec2
Convert -100011 (base 10) to base 11.
-6915a
What is 449ab (base 15) in base 12?
a6322
-1354104 (base 6) to base 14
-202a4
2370682 (base 10) to base 9
4412861
Convert -2151269 (base 12) to base 10.
-6326577
-2014650 (base 7) to base 10
-239400
-101100101011111 (base 2) to base 7
-123463
What is 89c (base 15) in base 16?
79b
What is 1230032011 (base 4) in base 5?
103141034
What is 1251244131 (base 6) in base 15?
1496414
Convert 4e579b (base 15) to base 8.
16271156
What is -122100302 (base 4) in base 11?
-73901
-3056366 (base 7) to base 9
-618635
Convert 4402502 (base 10) to base 15.
5be6a2
Convert -798117 (base 14) to base 6.
-224324441
-440454102 (base 6) to base 5
-4004023234
What is -329122 (base 12) in base 13?
-221a74
4a1756 (base 11) to base 14
168d25
90098 (base 15) to base 10
455768
659d (base 14) to base 7
102156
What is 3253 (base 9) in base 5?
34042
Convert 34122241 (base 5) to base 9.
508608
Convert -99748 (base 12) to base 5.
-23000430
Convert 10cc705 (base 13) to base 8.
23646445
Convert b624b9 (base 15) to base 12.
2a9a363
What is 211102202120102 (base 3) in base 4?
231132330023
What is 44507 (base 8) in base 5?
1100014
-301231002 (base 4) to base 16
-31b42
What is -80e18 (base 15) in base 7?
-3320003
Convert 74481 (base 10) to base 12.
37129
What is -1100010100011010 (base 2) in base 15?
-ee3d
-55521634 (base 7) to base 15
-64ad24
What is -312243224 (base 5) in base 16?
-13b0c7
What is 373ad6 (base 14) in base 11?
1083075
Convert -236935 (base 15) to base 11.
-a56a36
-110000111011110000 (base 2) to base 12
-97ba8
What is 16302 (base 11) in base 2?
101100111010000
What is 30d8c8 (base 14) in base 16?
1930c8
1651265 (base 12) to base 8
21372455
What is -111011010101110100110010 (base 2) in base 15?
-1574245
Convert 1010100000000010101111 (base 2) to base 3.
12011211222101
What is 1255627 (base 9) in base 11?
429861
What is 202221012210221 (base 3) in base 4?
222130012030
160427 (base 13) to base 12
222548
What is -216634 (base 7) in base 8?
-112770
What is 8785883 (base 9) in base 5?
2202043402
44735 (base 12) to base 6
1540505
Convert 31223143 (base 5) to base 15.
5164d
2053404 (base 7) to base 14
66804
Convert 1764666 (base 10) to base 11.
aa5902
10010101110111 (base 2) to base 5
301331
What is -1800863 (base 9) in base 13?
-292302
-2351515 (base 6) to base 5
-12423102
363306 (base 10) to base 7
3042126
85a270 (base 11) to base 3
2120212110220
What is -3203450 (base 6) in base 7?
-1220544
11102120011200 (base 3) to base 6
122235030
What is 33874 (base 11) in base 12?
24405
-43305055 (base 6) to base 16
-13983b
Convert -eb401 (base 16) to base 5.
-221313320
17a8c91 (base 14) to base 10
11702895
What is -1aa220 (base 15) in base 10?
-1299855
What is -1125433 (base 7) in base 8?
-423611
-7682 (base 9) to base 13
-2768
Convert 1116413 (base 7) to base 9.
231748
What is 123001232 (base 4) in base 15?
22c02
What is 1032211213 (base 4) in base 9?
540501
Convert -73681 (base 9) to base 4.
-23320201
What is -1110111000111001000100 (base 2) in base 16?
-3b8e44
What is 202221020000101 (base 3) in base 9?
22836011
What is -2427232 (base 9) in base 8?
-5015166
What is -22011201202 (base 3) in base 9?
-264652
What is 4432532 (base 6) in base 8?
662050
Convert ea6a18 (base 15) to base 13.
2409884
Convert -228424 (base 9) to base 15.
-2aa9d
-461310 (base 7) to base 9
-134586
Convert 102110110011 (base 3) to base 2.
110111000100110101
-520125 (base 8) to base 10
-172117
What is -112135101 (base 6) in base 14?
-3bab01
Convert 26413 (base 7) to base 13.
32a7
What is 38028 (base 14) in base 3?
20222020211
What is 10000101000000100110 (base 2) in base 16?
85026
What is 5015344 (base 7) in base 14?
115d24
Convert 382310 (base 11) to base 13.
1817c0
Convert 1000111100101000101011 (base 2) to base 16.
23ca2b
What is 1111212112220 (base 3) in base 16?
c4689
c1d941 (base 14) to base 15
88eb4c
Convert -1022012211222 (base 3) to base 11.
-433875
What is -1078414 (base 9) in base 13?
-1757b6
-8ccac (base 14) to base 10
-342760
Convert -200020220 (base 4) to base 5.
-13202444
What is -30200323 (base 5) in base 3?
-110020012022
2517787 (base 9) to base 6
45212341
What is -13464065 (base 7) in base 12?
-508a9b
What is 331220322022 (base 4) in base 14?
2208878
Convert -b2625a (base 12) to base 5.
-1203224400
2070b8 (base 16) to base 14
3d4ada
-23131332 (base 5) to base 4
-302313112
186343a (base 12) to base 13
109a617
-232a6 (base 15) to base 3
-12200121110
Convert 4a670a (base 12) to base 6.
42004414
What is 35825 (base 13) in base 6?
2033535
What is 10401545 (base 6) in base 15?
62445
Convert 17346 (base 13) to base 15.
d2c0
-12332230303 (base 4) to base 2
-110111110101100110011
What is -16627015 (base 8) in base 7?
-44652220
11110001110000000 (base 2) to base 14
33172
120203535 (base 6) to base 7
25113641
4014244 (base 6) to base 14
4cb9a
Convert -4bbe (base 15) to base 5.
-1004104
133140330 (base 5) to base 12
28815a
-1736481 (base 9) to base 10
-969238
Convert 3084048 (base 9) to base 3.
10002211001122
Convert 10010110100110100100 (base 2) to base 15.
c2b98
What is -12541878 (base 9) in base 14?
-b6815a
What is 24201457 (base 8) in base 13?
113b775
-2414333 (base 5) to base 16
-afa8
Convert 4141133 (base 5) to base 15.
1537d
-11010100000001100111000 (base 2) to base 7
-113024340
-4ea1be (base 15) to base 4
-32122330310
Convert -243660 (base 11) to base 4.
-1132012223
a38db (base 15) to base 2
1111110100011101101
Convert -2660d (base 15) to base 12.
-5b127
Convert 4788173 (base 9) to base 5.
1131110244
Convert -121022020002 (base 3) to base 7.
-2504432
What is 2302135 (base 6) in base 11?
80003
-22abb (base 12) to base 3
-2100210122
What is 13523302 (base 6) in base 14?
c05b8
1142222 (base 7) to base 11
99921
What is -1000101010100111110 (base 2) in base 7?
-2261614
What is -8613a (base 13) in base 5?
-30220023
Convert 620630 (base 10) to base 2.
10010111100001010110
Convert -33041312 (base 5) to base 7.
-2261602
120002201100 (base 3) to base 13
a5396
Convert -6c7b56 (base 13) to base 7.
-30665414
Convert 111221210000 (base 3) to base 6.
5515343
Convert 4321044 (base 5) to base 9.
121455
What